lculate the remainder when 3668419 is divided by 215783.
108
Calculate the remainder when 24697889 is divided by 210.
209
Calculate the remainder when 17707 is divided by 1606.
41
Calculate the remainder when 6029225 is divided by 1205843.
10
What is the remainder when 139346 is divided by 45532?
2750
Calculate the remainder when 19643 is divided by 9524.
595
What is the remainder when 21201871 is divided by 5752?
5751
Calculate the remainder when 38929031 is divided by 216.
215
What is the remainder when 22291 is divided by 169?
152
What is the remainder when 299049 is divided by 149496?
57
What is the remainder when 289121 is divided by 96278?
287
What is the remainder when 42661 is divided by 21073?
515
What is the remainder when 52863606 is divided by 37?
4
What is the remainder when 958416 is divided by 1108?
1104
Calculate the remainder when 1845909 is divided by 47.
31
Calculate the remainder when 35332 is divided by 397.
396
Calculate the remainder when 18950518 is divided by 97182.
28
Calculate the remainder when 27400552 is divided by 970.
962
Calculate the remainder when 160212006 is divided by 1276.
1274
What is the remainder when 41771301 is divided by 5221406?
53
What is the remainder when 1629945 is divided by 455?
135
What is the remainder when 297408968 is divided by 351?
350
What is the remainder when 101238 is divided by 2973?
156
Calculate the remainder when 201448 is divided by 100710.
28
What is the remainder when 1442291 is divided by 121?
92
Calculate the remainder when 234156 is divided by 10643.
10
Calculate the remainder when 377524 is divided by 1324.
184
Calculate the remainder when 2546091 is divided by 1476.
1467
What is the remainder when 1581340 is divided by 104?
20
Calculate the remainder when 148639485 is divided by 12386623.
9
What is the remainder when 87783 is divided by 25?
8
What is the remainder when 989938 is divided by 387?
379
What is the remainder when 68252441 is divided by 251854?
7
What is the remainder when 296170 is divided by 98442?
844
What is the remainder when 9788837 is divided by 135954?
149
Calculate the remainder when 1837152 is divided by 204125.
27
Calculate the remainder when 26577 is divided by 6597.
189
What is the remainder when 2070765 is divided by 522?
513
Calculate the remainder when 237090 is divided by 409.
279
What is the remainder when 1329039 is divided by 1329030?
9
Calculate the remainder when 23135 is divided by 693.
266
What is the remainder when 6474795 is divided by 856?
11
Calculate the remainder when 11277 is divided by 199.
133
What is the remainder when 611973 is divided by 87369?
390
What is the remainder when 23185 is divided by 11401?
383
What is the remainder when 19366327 is divided by 4084?
4083
Calculate the remainder when 1118510 is divided by 1251.
116
What is the remainder when 337546 is divided by 3187?
2911
What is the remainder when 29455725 is divided by 2819?
2813
Calculate the remainder when 4577783 is divided by 196.
7
Calculate the remainder when 54324 is divided by 209.
193
Calculate the remainder when 20199141 is divided by 366.
333
Calculate the remainder when 545574 is divided by 72.
30
Calculate the remainder when 386345 is divided by 14738.
3157
Calculate the remainder when 17772702 is divided by 2027.
1993
Calculate the remainder when 3391606 is divided by 678310.
56
Calculate the remainder when 8659500 is divided by 26.
18
What is the remainder when 5914701 is divided by 77825?
1
Calculate the remainder when 6485932 is divided by 6485870.
62
What is the remainder when 28124 is divided by 518?
152
What is the remainder when 3567583 is divided by 509?
2
What is the remainder when 22368950 is divided by 2715?
65
Calculate the remainder when 9420580 is divided by 160.
100
Calculate the remainder when 420388 is divided by 3472.
276
What is the remainder when 149040 is divided by 7446?
120
What is the remainder when 23878 is divided by 7283?
2029
Calculate the remainder when 2946425 is divided by 1473141.
143
What is the remainder when 7874616 is divided by 75?
66
What is the remainder when 1449330 is divided by 2934?
2868
Calculate the remainder when 217547 is divided by 3104.
267
What is the remainder when 3204873 is divided by 1078?
1057
Calculate the remainder when 706537 is divided by 21.
13
Calculate the remainder when 4237757 is divided by 1615.
1612
What is the remainder when 1284928 is divided by 142762?
70
What is the remainder when 4621882 is divided by 577732?
26
Calculate the remainder when 363380 is divided by 143.
17
Calculate the remainder when 1992564 is divided by 85.
79
What is the remainder when 10475406 is divided by 2618830?
86
Calculate the remainder when 444258 is divided by 1309.
507
What is the remainder when 19069663 is divided by 74201?
6
Calculate the remainder when 288742 is divided by 8233.
587
What is the remainder when 1856620 is divided by 46?
14
Calculate the remainder when 66217 is divided by 110.
107
What is the remainder when 43377 is divided by 3522?
1113
Calculate the remainder when 41686667 is divided by 369.
368
What is the remainder when 10219 is divided by 9497?
722
What is the remainder when 1250042 is divided by 312466?
178
Calculate the remainder when 7048969 is divided by 694.
11
Calculate the remainder when 14624538 is divided by 7918.
7910
What is the remainder when 217160 is divided by 2215?
90
Calculate the remainder when 8533 is divided by 4052.
429
What is the remainder when 1394796 is divided by 348699?
0
Calculate the remainder when 1587762 is divided by 7783.
30
Calculate the remainder when 107095518 is divided by 231.
222
Calculate the remainder when 1826872 is divided by 52196.
12
Calculate the remainder when 1828956 is divided by 1828952.
4
Calculate the remainder when 42609064 is divided by 10652263.
12
Calculate the remainder when 159122146 is divided by 281.
276
Calculate the remainder when 110410 is divided by 18397.
28
Calculate the remainder when 13876697 is divided by 108.
101
What is the remainder when 213249 is divided by 1521?
309
Calculate the remainder when 20801817 is divided by 20.
17
Calculate the remainder when 18514470 is divided by 1234297.
15
What is the remainder when 705993 is divided by 67?
14
What is the remainder when 19096619 is divided by 868027?
25
Calculate the remainder when 9473890 is divided by 160.
130
Calculate the remainder when 7076150 is divided by 214.
26
What is the remainder when 12413632 is divided by 40?
32
What is the remainder when 3510897 is divided by 5?
2
Calculate the remainder when 157174820 is divided by 26195801.
14
What is the remainder when 1033065520 is divided by 6?
4
What is the remainder when 1875907 is divided by 3153?
3025
Calculate the remainder when 630267 is divided by 184.
67
Calculate the remainder when 2364337 is divided by 139075.
62
Calculate the remainder when 313581 is divided by 8938.
751
What is the remainder when 62153 is divided by 1831?
1730
Calculate the remainder when 8191725 is divided by 26.
9
What is the remainder when 52639 is divided by 567?
475
Calculate the remainder when 712240 is divided by 3086.
2460
What is the remainder when 108557 is divided by 36151?
104
Calculate the remainder when 10127561 is divided by 755.
746
What is the remainder when 29480110 is divided by 31?
9
Calculate the remainder when 2280026 is divided by 207271.
45
Calculate the remainder when 506123 is divided by 1181.
655
What is the remainder when 67700406 is divided by 54117?
39
Calculate the remainder when 417726072 is divided by 19.
14
Calculate the remainder when 39214 is divided by 6174.
2170
What is the remainder when 3870683 is divided by 184318?
5
Calculate the remainder when 192293257 is divided by 2235968.
9
What is the remainder when 1535587 is divided by 307116?
7
What is the remainder when 7429152 is divided by 1007?
513
What is the remainder when 176998 is divided by 29212?
1726
What is the remainder when 1536119 is divided by 1515?
1424
Calculate the remainder when 10029436 is divided by 867.
847
Calculate the remainder when 90658 is divided by 1199.
733
What is the remainder when 4791240 is divided by 1317?
1311
Calculate the remainder when 485682 is divided by 485584.
98
Calculate the remainder when 678055